37874112.
1176
Calculate the greatest common divisor of 2211 and 291995.
11
What is the highest common divisor of 3403 and 276668?
41
What is the highest common factor of 39616 and 97728?
64
What is the greatest common divisor of 12 and 48318132?
12
Calculate the highest common divisor of 42 and 9581598.
6
Calculate the greatest common divisor of 20726442 and 131868.
1782
Calculate the highest common divisor of 2160107 and 2841.
947
Calculate the greatest common factor of 3683182 and 2279.
53
What is the highest common divisor of 164399872 and 64?
64
What is the greatest common divisor of 399699615 and 343?
343
Calculate the highest common divisor of 95 and 1245845.
5
What is the highest common divisor of 7187350 and 17050?
1550
What is the highest common divisor of 2119502 and 126?
14
Calculate the greatest common divisor of 83155327 and 46.
23
What is the highest common divisor of 273461 and 4379?
151
Calculate the greatest common divisor of 67854 and 25248.
1578
Calculate the greatest common factor of 166698608 and 7044.
2348
What is the highest common factor of 4958 and 438324385?
2479
Calculate the highest common factor of 201906 and 918.
54
Calculate the highest common divisor of 14273570 and 229.
229
What is the highest common factor of 496653 and 81?
3
Calculate the highest common factor of 373 and 135090902.
373
Calculate the highest common factor of 22 and 6033801.
1
Calculate the highest common factor of 36617745 and 2890.
1445
Calculate the greatest common divisor of 1079 and 10303397.
13
What is the highest common factor of 10 and 116849310?
10
Calculate the greatest common factor of 193807246 and 46.
46
Calculate the greatest common factor of 27098 and 250258.
1594
Calculate the greatest common divisor of 265 and 5811609.
53
What is the highest common divisor of 25392544 and 64?
32
Calculate the greatest common factor of 2505662891 and 479.
479
Calculate the greatest common factor of 18496 and 14178340.
1156
Calculate the greatest common divisor of 11539203 and 611.
13
What is the greatest common divisor of 520885 and 7885?
95
What is the greatest common factor of 72632 and 15820?
28
What is the highest common factor of 3551024 and 3800?
152
Calculate the highest common factor of 37398 and 119511.
813
What is the highest common divisor of 5548338 and 30537?
2349
Calculate the greatest common divisor of 27154517 and 57299.
5209
What is the greatest common factor of 1 and 2811559?
1
Calculate the greatest common divisor of 301590 and 12960.
270
Calculate the highest common factor of 453319 and 760857.
1997
Calculate the greatest common divisor of 374294 and 9362.
62
Calculate the greatest common factor of 1798508 and 1808.
452
What is the highest common divisor of 1501 and 217350804?
1501
What is the highest common divisor of 1519 and 437689?
217
Calculate the highest common divisor of 76167 and 1222020.
837
What is the highest common divisor of 1612 and 31292053?
13
What is the highest common factor of 140271418 and 8428?
4214
Calculate the highest common divisor of 900041 and 43217.
1879
What is the highest common divisor of 12877 and 10424665?
163
What is the highest common divisor of 14850 and 182748150?
1350
Calculate the highest common factor of 2985 and 611328.
597
What is the greatest common divisor of 89236 and 70721?
7
Calculate the highest common divisor of 7702478 and 4.
2
Calculate the greatest common factor of 320 and 3258740.
20
What is the greatest common divisor of 934 and 162376834?
934
Calculate the highest common divisor of 43790373 and 117.
9
What is the highest common divisor of 174295 and 2322877?
3169
Calculate the greatest common divisor of 1054460 and 319.
11
Calculate the highest common divisor of 22274 and 4998707.
301
Calculate the highest common divisor of 3068 and 942525.
59
Calculate the greatest common factor of 22896 and 245920.
848
Calculate the greatest common factor of 432945 and 648.
81
Calculate the greatest common factor of 461 and 611286.
461
Calculate the greatest common factor of 15580804 and 30206.
2746
What is the greatest common factor of 4725 and 1514835?
945
What is the greatest common factor of 28083333 and 111?
111
What is the highest common divisor of 27203740 and 11392?
356
Calculate the highest common factor of 19 and 105937198.
19
Calculate the highest common factor of 21045 and 7486845.
345
Calculate the greatest common factor of 197334 and 607734.
342
What is the greatest common factor of 75646 and 805040?
694
Calculate the highest common factor of 6624512 and 4068.
452
Calculate the highest common divisor of 128496 and 33.
3
What is the greatest common divisor of 96768 and 6131808?
864
Calculate the highest common factor of 273 and 3151617.
21
Calculate the greatest common factor of 4 and 32572388.
4
What is the greatest common divisor of 56927 and 55471?
13
What is the greatest common factor of 4203 and 57143521?
467
What is the highest common factor of 24 and 9849876?
12
What is the greatest common factor of 60 and 425828496?
12
What is the highest common divisor of 5611 and 785359?
181
Calculate the highest common factor of 10898258 and 16762.
986
Calculate the greatest common factor of 569250 and 3211835.
1265
Calculate the highest common divisor of 4971 and 592051071.
4971
Calculate the highest common factor of 13 and 60180679.
13
Calculate the highest common factor of 159819 and 6218913.
501
What is the greatest common divisor of 3267 and 41?
1
What is the greatest common divisor of 1632 and 594336?
96
Calculate the highest common factor of 6478200 and 3776.
472
Calculate the greatest common divisor of 1260 and 1285452.
252
What is the highest common divisor of 1263 and 1292540307?
1263
What is the greatest common divisor of 183 and 62764?
1
Calculate the greatest common divisor of 4188 and 1630877.
349
Calculate the greatest common factor of 17184634 and 361054.
7682
What is the highest common divisor of 4444 and 7436?
44
What is the highest common divisor of 4312 and 8878793?
77
Calculate the greatest common divisor of 908705 and 59045.
245
Calculate the greatest common factor of 44806002 and 6.
6
What is the highest common divisor of 4871625 and 132000?
4125
Calculate the highest common divisor of 10 and 11668525.
5
Calculate the highest common factor of 303183 and 45901.
197
Calculate the highest common divisor of 17703 and 1048411.
1967
Calculate the highest common divisor of 5592126720 and 1184.
1184
What is the highest common factor of 36 and 11347584?
12
Calculate the greatest common factor of 334 and 78350722.
334
Calculate the highest common divisor of 90694343 and 17148.
1429
Calculate the greatest common divisor of 101268 and 131832.
36
What is the greatest common factor of 144741454 and 234?
26
What is the highest common divisor of 17474508 and 888?
444
Calculate the greatest common factor of 10336399 and 95.
19
What is the highest common divisor of 127059 and 472812?
123
Calculate the greatest common divisor of 168044570 and 1498.
214
Calculate the greatest common divisor of 1102866 and 1550124.
2778
What is the greatest common divisor of 104038224 and 114?
114
What is the greatest common divisor of 953395 and 705?
235
Calculate the greatest common factor of 1420 and 3086015.
355
What is the highest common divisor of 220 and 776394740?
220
What is the greatest common factor of 22116 and 1525713?
291
What is the highest common divisor of 608515 and 4250?
85
Calculate the highest common divisor of 21573 and 11518146.
459
What is the highest common divisor of 360 and 1456672920?
120
What is the greatest common factor of 121607212 and 1712?
428
What is the highest common factor of 1017 and 749855796?
339
Calculate the greatest common factor of 770 and 205933805.
385
What is the highest common divisor of 174 and 187722?
6
What is the greatest common factor of 11424 and 5433421?
119
Calculate the highest common divisor of 20644 and 12584.
52
What is the highest common divisor of 63096 and 10847732?
956
What is the highest common factor of 1442 and 197211?
7
What is the greatest common factor of 373505819 and 1102?
551
What is the highest common divisor of 45 and 99390915?
45
Calculate the highest common divisor of 5712 and 55253604.
1428
What is the greates